(2).
11
Let q(j) = j**2 - 5*j - 1. Give q(0).
-1
Let q(n) = n**2 - 50*n + 151. Give q(47).
10
Let p(q) = -2*q + 21. Determine p(13).
-5
Let m(y) = -32*y + 162. What is m(5)?
2
Let c(r) = -r**3 - 11*r**2 - 12*r - 20. Calculate c(-10).
0
Let l(c) = -c + 15. Calculate l(13).
2
Let c(d) = 2*d**3 + 111*d**2 + 53*d - 103. What is c(-55)?
7
Let v(y) = -y**2 + 3*y + 24. What is v(6)?
6
Let n(q) = -q**2 + 15*q - 18. Calculate n(12).
18
Let j(n) = 7*n + 34. Give j(-7).
-15
Let x(g) = -g - 39. Give x(-7).
-32
Let j(p) = -p**2 - 4*p + 12. Calculate j(-7).
-9
Let f(p) = -p**3 + 25*p**2 - 21*p - 55. Calculate f(24).
17
Let w(v) = v**2 - 15*v - 9. Determine w(16).
7
Let p(s) = -s - 2. Give p(-7).
5
Let b(d) = d**2 - 15*d - 25. What is b(17)?
9
Let g(b) = 2*b**2 + 5*b. Determine g(-6).
42
Let g(f) = f**2 + 7*f + 4. Calculate g(-6).
-2
Let a(g) = -4*g + 4. Give a(-4).
20
Let h(j) = 2*j - 1. Determine h(10).
19
Let l(g) = 3*g + 11. Determine l(14).
53
Let p(y) = -2*y + 11. What is p(6)?
-1
Let q(j) = j**2 - 25*j + 131. What is q(12)?
-25
Let v(a) = 34*a - 1. What is v(-1)?
-35
Let w(o) = 13*o + 19. Calculate w(-3).
-20
Let p(m) = -m**3 + 5*m**2 - 11*m + 4. Give p(2).
-6
Let a(t) = 9*t - 11. Determine a(2).
7
Let r(i) = -29*i + 27. Calculate r(4).
-89
Let h(i) = i**2 - 3*i - 45. Determine h(8).
-5
Let z(x) = -x**3 - 23*x**2 - 22*x - 27. Give z(-22).
-27
Let s(a) = a**3 + 9*a**2 + 6*a - 15. Determine s(-8).
1
Let a(u) = -8*u. Determine a(1).
-8
Let a(m) = m**3 + 2*m**2 - 1. Calculate a(-2).
-1
Let c(k) = -17*k - 4. Calculate c(-1).
13
Let n(s) = -s**2 - 13*s - 47. Determine n(-7).
-5
Let p(k) = k**2 + 21*k + 65. Give p(-16).
-15
Let v(o) = -12*o**2 - 5*o. Determine v(-3).
-93
Let z(i) = i**3 - 3*i**2 - 3*i. What is z(4)?
4
Let r(w) = w**2 - 21*w + 78. Give r(17).
10
Let w(z) = -z**3 + 22*z**2 + 21*z + 36. What is w(23)?
-10
Let b(o) = -2*o**2 + 2*o + 6. What is b(4)?
-18
Let j(m) = 5*m - 3. Give j(-6).
-33
Let v(n) = 27*n**3 + 3*n**2 - 1. Give v(-1).
-25
Let z(t) = -t**3 + 29*t**2 - 27*t - 37. Give z(28).
-9
Let f(l) = -l**3 - l**2 - 6*l - 7. Calculate f(-2).
9
Let l(k) = k**2 + 31*k + 41. What is l(-30)?
11
Let y(f) = f**2 + 5*f + 5. Determine y(-6).
11
Let x(r) = 18*r**2 - 7*r. What is x(1)?
11
Let f(p) = p**2 - 6*p + 3. Determine f(2).
-5
Let m(s) = -s**2 + 2*s. Calculate m(-2).
-8
Let h(v) = v**2 - 5*v + 3. What is h(6)?
9
Let d(c) = c**2 - 26*c - 328. Give d(35).
-13
Let k(w) = 3*w + 1. Calculate k(-5).
-14
Let i(k) = -2*k - 3. Calculate i(-4).
5
Let m(c) = -2*c**2 + 5*c + 4. Calculate m(-3).
-29
Let g(m) = -m**3 + 3*m**2 - 4*m + 3. Give g(4).
-29
Let f(l) = -8*l + 1. What is f(-1)?
9
Let v(s) = -s**3 - 7*s**2 - s + 9. What is v(-7)?
16
Let c(k) = 18*k**2. Calculate c(2).
72
Let l(r) = r**2 + 14*r + 37. What is l(-11)?
4
Let c(o) = -2*o - 10. Determine c(-3).
-4
Let a(q) = q**3 - 20*q**2 + 22*q - 46. What is a(19)?
11
Let v(h) = 2*h - 16. Calculate v(11).
6
Let b(i) = -4*i + 25. Calculate b(0).
25
Let u(r) = 4*r - 4. Determine u(-11).
-48
Let u(j) = -j**3 + 2*j**2 + j + 5. Calculate u(0).
5
Let t(k) = -k**3 + k**2 + 4*k + 1. Give t(-2).
5
Let x(b) = -2*b**2 - 34*b - 5. Calculate x(-17).
-5
Let d(v) = -v**2 + 5*v + 9. Determine d(-2).
-5
Let h(x) = x - 3. Calculate h(-26).
-29
Let d(t) = 3*t - 2. What is d(16)?
46
Let s(z) = 8*z + 7. Give s(-8).
-57
Let t(z) = z**2 - 10*z - 94. What is t(16)?
2
Let x(j) = -3*j**2 + 37*j - 8. What is x(12)?
4
Let i(h) = -12*h - 223. Give i(-18).
-7
Let v(o) = 11*o - 114. What is v(10)?
-4
Let h(p) = -p**2 + 3*p - 5. Determine h(7).
-33
Let f(g) = g**2 - 10*g - 7. What is f(7)?
-28
Let z(n) = -10*n - 5. Calculate z(-8).
75
Let w(b) = 32*b + 2. Determine w(-4).
-126
Let s(i) = -i**3 + 22*i**2 - 96*i - 7. What is s(16)?
-7
Let a(c) = c**2 - 5*c + 4. Calculate a(5).
4
Let o(c) = c**2 + c + 19. Calculate o(0).
19
Let s(z) = -z**3 - z**2 + 2*z + 4. Determine s(-3).
16
Let c(l) = l + 12. Determine c(-8).
4
Let w(h) = -h**3 - 4*h**2 - 3*h. Calculate w(-2).
-2
Let o(y) = -y**3 + 5*y**2 + 14*y - 54. Determine o(3).
6
Let o(n) = n**2 - 10*n + 20. Determine o(8).
4
Let i(u) = -u**3 - 4*u - 5. What is i(0)?
-5
Let k(g) = -g**2 + 20*g - 28. Give k(18).
8
Let s(g) = -100*g**2 - 1. Calculate s(-1).
-101
Let h(z) = z**2 - 4*z + 6. Calculate h(6).
18
Let v(p) = p**3 - 3*p**2 - 8*p - 12. What is v(5)?
-2
Let q(v) = -3*v + 8. Determine q(4).
-4
Let o(z) = -z**3 + 5*z**2 + 4*z - 6. Determine o(6).
-18
Let t(x) = 4*x - 107. Give t(30).
13
Let n(v) = -5*v**3 + v**2 + 2. Calculate n(2).
-34
Let p(o) = 2*o + 26. Determine p(-25).
-24
Let y(n) = 32*n - 2. Calculate y(-2).
-66
Let k(w) = w - 21. What is k(12)?
-9
Let j(f) = -f**3 + 8*f**2 - 7*f + 4. Give j(5).
44
Let q(a) = -6*a - 196. Determine q(-32).
-4
Let g(a) = a**3 - 14*a**2 + 13*a - 3. Determine g(13).
-3
Let q(o) = -o**3 + 2*o**2 + 5*o + 4. Give q(3).
10
Let i(h) = -h**2 + 4*h + 2. Determine i(-4).
-30
Let g(v) = 6*v**2 + v - 1. Give g(1).
6
Let p(x) = x**2 + 9*x - 10. What is p(-11)?
12
Let m(s) = s**3 - s - 6. What is m(0)?
-6
Let a(g) = -8*g**2 - 42*g - 6. Give a(-5).
4
Let p(x) = 2*x - 1. Give p(-2).
-5
Let t(i) = -4*i + 16. Calculate t(7).
-12
Let t(m) = m**3 - 5*m**2 + 3*m - 6. What is t(4)?
-10
Let r(c) = -2*c + 4. Determine r(-8).
20
Let o(u) = -u**2 - 9*u + 2. Give o(-8).
10
Let r(o) = -o**2 - 12*o + 99. Calculate r(6).
-9
Let c(t) = 3*t**2 + 33*t + 25. Determine c(-10).
-5
Let u(b) = b - 7. Give u(-8).
-15
Let g(a) = -4*a - 56. Give g(-8).
-24
Let r(h) = h**3 + 6*h**2 - h - 10. Give r(-3).
20
Let q(f) = -f - 11. Give q(-5).
-6
Let o(w) = -w**3 + 10*w**2 - 10*w + 20. Calculate o(9).
11
Let a(u) = -u**3 + 8*u**2 - 3*u + 9. Calculate a(8).
-15
Let j(n) = 22*n**2 + n + 1. What is j(1)?
24
Let o(m) = -m**3 - 11*m**2 + 57*m + 2. Determine o(4).
-10
Let b(l) = -65*l. Give b(-1).
65
Let s(w) = 3*w**2 - 6*w + 27. What is s(-5)?
132
Let d(m) = -m**3 + 12*m**2 - 25*m - 7. Determine d(9).
11
Let n(t) = -t**2 + 75*t - 648. Calculate n(65).
2
Let m(r) = -r**3 + 13*r**2 - 21*r - 9. Determine m(11).
2
Let m(l) = 2*l + 13. Give m(9).
31
Let q(v) = v**2 - 12*v - 194. What is q(-9)?
-5
Let y(o) = -o - 4. What is y(19)?
-23
Let a(f) = -f**2 - 7*f + 8. What is a(-8)?
0
Let l(g) = g**2 - 17*g + 19. Determine l(16).
3
Let q(i) = -i**3 - 6*i**2 - i - 1. Give q(-6).
5
Let r(q) = 31*q**3 - 3*q + 2. What is r(1)?
30
Let n(a) = -a + 17. Calculate n(-12).
29
Let z(p) = -8*p + 42. Calculate z(4).
10
Let l(h) = 4*h + 74. Give l(-19).
-2
Let v(h) = 13*h - 112. What is v(8)?
-8
Let d(u) = u**3 + 6*u**2 - 3*u + 8. Give d(-6).
26
Let k(y) = 25*y + 3. What is k(-4)?
-97
Let g(x) = -x**3 + 6*x - 12. Give g(-3).
-3
Let z(w) = -w**2 + 7*w - 13. Determine z(0).
-13
Let p(m) = -2*m + 4. Calculate p(-5).
14
Let q(o) = 3*o + 7. What is q(-5)?
-8
Let s(g) = -4*g - 16. Give s(-5).
4
Let i(q) = -3*q - 8. Calculate i(4).
-20
Let o(y) = y**3 - 6*y**2 + 2*y + 7. What is o(6)?
19
Let x(u) = -9*u**2 + 3*u - 2. What is x(2)?
-32
Let p(q) = 36*q**2 - q. Give p(-1).
37
Let t(n) = n**2 - 7*n - 46. Calculate t(11).
-2
Let z(t) = 3*t**2 - 19*t - 218. What is z(-6)?
4
Let r(s) = 10*s**2 + s - 4. Calculate r(-2).
34
Let w(u) = 3*u**2 - 5*u - 9. Calculate w(7).
103
Let z(q) = q - 8. Calculate z(4).
-4
Let r(m) = -m + 19. Give r(21).
-2
Let k(q) = -25*q + 218. Determine k(8).
18
Let a(p) = -5*p**2 + 4*p - 3. What is a(1)?
-4
Let t(q) = 21*q + 20. What is t(-3)?
-43
Let h(j) = j + 12. Determine h(-3).
9
Let c(z) = -z**3 - 45*z**2 + 92*z - 102. Give c(-47).
-8
Let i(k) = k**2 + 22*k + 76. Give i(-18).
4
Let s(y) = -16*y - 4. What is s(-7)?
108
Let s(x) = -x**3 + 16*x**2 - 39*x - 26. What is s(13)?
-26
Let t(b) = 2*b**2 - 3*b - 1. Give t(3).
8
Let q(k) = -k**3 + 4*k**2 - 7*k + 26. What is q(6)?
-88
Let s(u) = 6*u - 52. What is s(8)?
-4
Let h(x) = 8*x + 53. Determine h(-6).
5
Let p(i) = i**2 + 4*i - 2. Give p(-4).
-2
Let q(s) = -13*s + 1. Determine q(2).
-25
Let t(v) = v**2 - 23*v + 40. Calculate t(18).
-50
Let u(q) = 3*q - 19. Give u(6).
-1
Let h(a) = -2*a - 29. Give h(-18).
7
Let w(v) = -v**2 - v - 3. Calculate w(2).
-9
Let g(b) = b**3 + 10*b**2 + 8*b - 3. What is g(-9)?
6
Let j(u) = u**3 + 30*u**2 - u - 26. Determine j(-30).
4
Let i(d) = 2*d**3 - 22*d**2 + 60*d + 4. Give i(6).
4
Let p(j) = -j**2 - 16*j + 254. Calculate p(10).
-6
Let s(a) = 